et n(o) be the second derivative of 2*o**2 + 1/6*o**4 - 5/6*o**3 + 0 - 9*o. Determine n(m).
7
Let t be 46/8 - (-4)/16. Let j(h) = 10*h + 1. Let s(y) = 38*y. Let i(g) = 4*j(g) - s(g). Give i(t).
16
Suppose -3*t + 3*v + 14 = -v, -5*t + 4*v + 34 = 0. Let r(g) = g + t - 2*g + 2 - 3. Determine r(5).
4
Let l(m) be the second derivative of -3*m**3/2 + 11*m**2/2 - 42*m. Let p(n) = -5*n + 6. Let b(x) = 4*l(x) - 7*p(x). Suppose -a = -2*a + 6. Calculate b(a).
-4
Let f(l) = l**3 - 4*l**2 - 5*l + 3. Let t be f(5). Let m be (-32)/3*t/(-2). Suppose 0 = 4*c + m, y - c + 1 = 2. Let b(r) = -r**2 - r + 1. Determine b(y).
-5
Let q(p) = -8*p**2 + p - 3. Let y(r) = -25*r**2 + 4*r - 10. Let h(d) = 7*q(d) - 2*y(d). Let u be (0 - -4) + -3 + -2. Determine h(u).
-6
Let z = -1476 - -1474. Let r(i) = -5*i - 3. What is r(z)?
7
Let v(o) be the first derivative of -4*o**2 - 5*o + 108. Give v(-3).
19
Let r(t) = t**3 + 11*t**2 - 6. Suppose 7*z + 4*i - 9 = 6*z, -5*i = -5*z - 80. Calculate r(z).
-6
Let l(b) = -b**2 - 6*b - 3. Let m be l(-6). Let h(p) = 7. Let x(r) = -2*r - 93. Let n(k) = 26*h(k) + 2*x(k). What is n(m)?
8
Let d(c) = -10 - 16 - 18 + 45. Let r = -1 + -2. Let t(j) = -j**2 + 5*j - 7. Let w(n) = r*d(n) - t(n). Give w(5).
4
Let t(p) = p**2 - 11*p - 5. Let b(g) = -2*g**2 + 20*g + 9. Let j(h) = -3*b(h) - 5*t(h). Calculate j(4).
-6
Let n(d) = -3*d**2 + 9 + 7*d**3 - 48*d - 2*d**2 - 8*d**3 + 50*d. Calculate n(-6).
33
Suppose -3*b + 20 - 2 = 0. Let l(i) = i + 9. Let w(f) = -f - 8. Let j(r) = b*w(r) + 5*l(r). Let n be (-9)/(-4)*16/(-6). Give j(n).
3
Let z = 33 + -31. Let d(i) be the first derivative of 2*i**z - 5/3*i**3 - 1/4*i**4 + 2*i - 4. Calculate d(-6).
14
Let p(q) be the first derivative of q**5/20 + q**4/2 + 2*q**3/3 + q**2/2 + 17*q + 24. Let h(s) be the first derivative of p(s). Determine h(-5).
6
Let h = -3 - -41. Suppose -40*r = -h*r - 8. Let s(m) = 10*m - 5 - 1 - 3*m - m**2. What is s(r)?
6
Let q(s) = 3*s**2 + 41*s + 35. Let u(h) = h**2 + 14*h + 12. Let t(y) = -6*q(y) + 17*u(y). Let o be 10 + (-1 - -4 - 6). Suppose -o*n - 2 = 40. Determine t(n).
6
Let k(o) = -5*o**3 + 3*o + 2. Let j(c) = 8*c**3 - 5*c - 3. Let r(f) = -3*j(f) - 5*k(f). Give r(0).
-1
Let o(j) be the first derivative of j**4/4 + j**3/3 - j**2/2 + 2*j - 1. Suppose 2 = -7*u + 23. Suppose -k - u*r - 8 = 9, -5*k - 3*r - 25 = 0. Determine o(k).
0
Suppose 4*t + 56 = -4*v, -4*v + t - 17 - 14 = 0. Let s be v/(-9)*(-1 + 2). Let f(z) = 9*z - 1. What is f(s)?
8
Suppose -72*m + 73*m = 2. Let i(l) = l**3 - l**2 + 2*l. Calculate i(m).
8
Let q(r) = r**3 + 9*r**2 - 2*r + 11. Let f be q(-8). Suppose 8*b - 27 = -f. Let x(u) = -u**3 - 9*u**2 - 7*u + 4. Give x(b).
-4
Let t(i) = 2*i - 3 - i + 9. Let p(h) = -h**3 + 15*h**2 + 77*h - 28. Let r be p(19). Calculate t(r).
-3
Let v(k) = -k**3 - 8*k**2 - k - 7. Let i(w) = -w**2 + w - 2. Let f be i(3). Calculate v(f).
1
Suppose 8*u - 18 = 2*u. Let x(p) = -u*p + 104 + 2*p - 108. Calculate x(-4).
0
Let i(m) = -9*m - 2. Let h(u) = -9*u - 3. Let b(c) = 5*h(c) - 6*i(c). Let r(o) = 3*o + 47. Let n be r(-15). Calculate b(n).
15
Let y = -44 - -20. Let w = y - -21. Let x(d) be the third derivative of d**6/120 + d**5/15 - d**3/6 - d**2. Give x(w).
8
Let j(g) = -166*g**2 - g - 50. Let d(z) = -41*z**2 - 11. Let b(u) = -9*d(u) + 2*j(u). Give b(-1).
38
Let z(d) = -d - 428 + 144 + 131 + 146. Suppose 3*v + 18 = -0. What is z(v)?
-1
Suppose f - 3*f - 5 = -y, -10 = -3*f - 2*y. Let d(m) = -m - 5. Calculate d(f).
-5
Let o(i) = 2*i - 7. Let v be (50/(-10))/((-10)/12). Calculate o(v).
5
Let j(l) = -4*l - 2 + 7*l**2 + 6*l**2 + 5*l - 3*l. Let k(u) = -19*u**2 + 3*u + 3. Let f(b) = -8*j(b) - 5*k(b). Let t = 0 + -1. Calculate f(t).
-9
Let s = 839 - 840. Let w(c) = -10*c**2 + 3*c + 3. What is w(s)?
-10
Let o(f) = 42 - 84 + 15*f - 2*f**2 + f**2 + 40. Determine o(14).
12
Suppose 0 = -17*g + 3*g + 210. Let w(f) = -2*f + 22. Calculate w(g).
-8
Let a(y) = y**2 - 13*y + 16. Suppose -34*n = -4*n - 330. Calculate a(n).
-6
Let m = -30 - -14. Let h be 9*(-2 - m/3). Let s = -27 + h. Let q(f) = f**3 - 5*f**2 + f - 1. Calculate q(s).
-16
Suppose -2*w + 9 = 5. Let m(h) = w*h - h - 5*h + 3. Calculate m(2).
-5
Suppose 2*s + 3*s = 5. Let y(o) = -20 + 5*o + 61 - 20 - 16. Let x(h) = 1. Let k(f) = 5*x(f) - y(f). What is k(s)?
-5
Let x(j) be the third derivative of -3*j**6/20 - j**5/30 + j**4/24 + 2*j**2 + 14. Give x(1).
-19
Let c(b) = 5*b**2 + 4. Let o(x) = -6*x**2 + x - 5. Let k(n) = -7*c(n) - 6*o(n). Suppose -v + 27 = -5*z, -5*v + 38 = 2*z + 11. Give k(v).
9
Let j(l) = l**2 + 5*l + 6. Let m = -155 + 145. Let k be 5/2*2*m/10. Calculate j(k).
6
Let y(p) = p**2 - 7*p + 3. Let r(c) = -4*c**3 + 4*c**2 - 5*c + 3. Let m(k) = k - 9. Let g be m(12). Let x be r(g). Let a be x/24*(-12)/7. Determine y(a).
-3
Let i(p) be the first derivative of -p**3/6 + 7*p**2/2 - 3*p - 4. Let k(r) be the first derivative of i(r). Let l = -54 + 60. Give k(l).
1
Suppose 32*p - 10*p - 176 = 0. Let z(n) = -n**2 + 7*n + 1. Determine z(p).
-7
Let d(y) = 4*y**2 + y + 7. Let f(q) = -q**2 + q - 1. Let h(m) = -d(m) - 3*f(m). Suppose 4 = 2*c + 10. Determine h(c).
-1
Let j(t) = -t + 3. Suppose -4*u - 4*a - 8 = 0, 3*u - 4 = -u - a. Let h(r) = 2*r**u + r + r - 3*r. Let z be h(-1). What is j(z)?
0
Let o(r) = 15*r - 1. Suppose -21 = -4*c - 5. Let f(g) = -44*g + 2. Let h(z) = c*f(z) + 11*o(z). Give h(-2).
19
Let g(k) = 11*k + 3. Let y(a) be the first derivative of -3*a**2 - 2*a + 1. Suppose 0 = -5*j + 2 - 27. Let h(c) = j*y(c) - 3*g(c). What is h(-3)?
10
Let a(l) = -l**3 - 11*l**2 - 4*l + 8. Let o(c) = -3*c**3 - 33*c**2 - 11*c + 23. Let h(y) = 11*a(y) - 4*o(y). Calculate h(-11).
-4
Let x be 1 - (23 - 17 - (-2 + 2)). Let s(k) = -k**3 - 3*k**2 + 5*k + 6. Calculate s(x).
31
Let o(b) = -20*b - 24 - 24*b**3 + 18*b**2 - 21*b**3 - 18*b**3 + 64*b**3. What is o(-19)?
-5
Let v(h) = 8*h - 143. Let p be v(20). Let l(q) = -q**2 + 17*q - 4. Determine l(p).
-4
Let u(z) = 4*z**3 - 15*z**2 + 25. Let a(c) = -3*c**3 + 10*c**2 - 17. Let m(q) = -7*a(q) - 5*u(q). Suppose 51 = -15*s - 24. Determine m(s).
-6
Let p = 14 + -15. Let n be (1/3)/(p*(-3)/54). Let g(f) be the third derivative of -f**4/24 - f**3/3 - f**2. Determine g(n).
-8
Let w(n) be the second derivative of -5*n**3/6 + 17*n**2/2 - 250*n. What is w(-7)?
52
Let n(v) = -v**2 + 9*v - 3. Let r be (-14 + 11)/(1/2 + -2). Suppose 0 = -2*a - r*a + 28. Determine n(a).
11
Let k(w) = -4*w**2 - w. Let o be 3/12 + (-6)/(-8). Let y be k(o). Let l(t) = t**3 + 7*t**2 + 8*t + 6. Give l(y).
16
Let v(k) = 5 + 3 - 5 + 3*k + 0 + 0 - 3*k**2. Give v(-2).
-15
Suppose -1 + 21 = -4*w + 3*x, -5*x = 0. Let l(v) be the second derivative of v**3/6 + 5*v**2/2 + v. Give l(w).
0
Let z = 9 + -6. Suppose 4*t = -17 + 57. Suppose -z*h = -t + 7. Let f(k) = -9*k - 1. What is f(h)?
-10
Let r(p) = p**3 + 2*p**2 - 1. Suppose -4*u + 0*n - 9 = -3*n, -n - 16 = 5*u. Give r(u).
-10
Let g(h) = -h - 3. Suppose 0 = -0*u - 3*u + 15. Suppose 42 = u*v + 12. Determine g(v).
-9
Suppose -5*o + 5*y = 20, 25 = -4*o + 3*y + 6. Let l(x) be the first derivative of -x**4/4 - 8*x**3/3 - 7*x**2/2 - 5*x - 3. Determine l(o).
-5
Let f(d) = -2*d + 16. Let b be f(6). Let u(k) = -3*k + b + 0 - 7. What is u(-3)?
6
Let j be (-26)/39 - 5/(-3). Let t(z) be the third derivative of -z**5/6 - z**3/6 + 5*z**2. Calculate t(j).
-11
Let r(l) = -l**3 + 6*l**2 + 3*l - 12. Let x be r(6). Suppose -4*h = -h + x. Let b(g) = -4*g - 2. Give b(h).
6
Let s be (-14)/77 - 2/((-66)/39). Let o(h) = 3*h**2 + 2*h - 2. Calculate o(s).
3
Let s(j) be the first derivative of -1/4*j**4 + 1 - 10/3*j**3 - 6*j + 11/2*j**2. Determine s(-11).
-6
Let a(r) = -r. Let k be (-3)/(-2) - (-93)/(-6). Let q = -9 - k. Determine a(q).
-5
Let h(v) = 11*v - 1. Let j be (-10)/(-15) - (-10)/(-6). What is h(j)?
-12
Let p(x) = -1911 + 0*x**2 - 2*x**2 + 1919. Determine p(-3).
-10
Let s(g) = -g**3 - 6*g**2 - g - 10. Let y be s(-6). Let j be (0 - 3 - y) + -6. Let v(o) = o**3 + 5*o**2. Give v(j).
0
Let g(z) be the third derivative of -z**5/60 - z**4/12 + 2*z**3/3 - 63*z**2. What is g(4)?
-20
Let w(n) = 3*n - 9. Let u be w(4). Suppose q - 92 = -u*q. Suppose i = -o - 1, o - 6*i - q = -i. Let h(c) = c**2 - 3*c + 3. Determine h(o).
3
Let c(t) = -t**2 + 1. Let f(o) = -o**2 - o + 1. Let w(k) = -6*c(k) + 5*f(k). Let g be 1 - 2/(8 - 51/6). Calculate w(g).
-1
Let